of 3219?
3
What is the units digit of 631?
1
What is the units digit of 62788?
8
What is the hundred thousands digit of 135291?
1
What is the units digit of 3388?
8
What is the units digit of 13529?
9
What is the thousands digit of 29827?
9
What is the tens digit of 4370?
7
What is the thousands digit of 2830?
2
What is the tens digit of 1435?
3
What is the units digit of 37306?
6
What is the units digit of 2640?
0
What is the hundreds digit of 46370?
3
What is the hundreds digit of 1970?
9
What is the hundreds digit of 11820?
8
What is the hundreds digit of 919?
9
What is the tens digit of 32171?
7
What is the thousands digit of 16220?
6
What is the units digit of 117805?
5
What is the units digit of 9142?
2
What is the hundreds digit of 13447?
4
What is the hundreds digit of 11542?
5
What is the ten thousands digit of 10326?
1
What is the ten thousands digit of 32184?
3
What is the units digit of 3413?
3
What is the units digit of 2747?
7
What is the thousands digit of 7255?
7
What is the tens digit of 184?
8
What is the thousands digit of 11004?
1
What is the units digit of 19764?
4
What is the tens digit of 605?
0
What is the tens digit of 111654?
5
What is the thousands digit of 125682?
5
What is the units digit of 473?
3
What is the hundreds digit of 396?
3
What is the hundreds digit of 2909?
9
What is the thousands digit of 1292?
1
What is the thousands digit of 23974?
3
What is the hundreds digit of 1089?
0
What is the hundreds digit of 841?
8
What is the thousands digit of 4433?
4
What is the units digit of 181?
1
What is the hundreds digit of 19596?
5
What is the hundreds digit of 3354?
3
What is the ten thousands digit of 26125?
2
What is the tens digit of 5953?
5
What is the tens digit of 43399?
9
What is the thousands digit of 25276?
5
What is the units digit of 1340?
0
What is the hundreds digit of 8916?
9
What is the tens digit of 2007?
0
What is the thousands digit of 2332?
2
What is the hundreds digit of 10947?
9
What is the thousands digit of 28985?
8
What is the thousands digit of 10461?
0
What is the thousands digit of 10450?
0
What is the hundreds digit of 8141?
1
What is the thousands digit of 46951?
6
What is the thousands digit of 4908?
4
What is the hundreds digit of 5195?
1
What is the units digit of 1494?
4
What is the units digit of 516?
6
What is the hundreds digit of 2933?
9
What is the hundreds digit of 5238?
2
What is the ten thousands digit of 43805?
4
What is the thousands digit of 13138?
3
What is the units digit of 933?
3
What is the ten thousands digit of 11850?
1
What is the thousands digit of 2577?
2
What is the tens digit of 6733?
3
What is the units digit of 147806?
6
What is the thousands digit of 5646?
5
What is the hundreds digit of 3143?
1
What is the hundreds digit of 2482?
4
What is the tens digit of 1004?
0
What is the hundreds digit of 936?
9
What is the units digit of 574?
4
What is the thousands digit of 7130?
7
What is the thousands digit of 8820?
8
What is the ten thousands digit of 63717?
6
What is the thousands digit of 11887?
1
What is the units digit of 1746?
6
What is the tens digit of 13878?
7
What is the thousands digit of 4166?
4
What is the thousands digit of 2901?
2
What is the tens digit of 3139?
3
What is the tens digit of 65?
6
What is the hundreds digit of 3548?
5
What is the ten thousands digit of 16416?
1
What is the hundreds digit of 427?
4
What is the units digit of 947?
7
What is the units digit of 521?
1
What is the units digit of 1537?
7
What is the thousands digit of 3708?
3
What is the ten thousands digit of 31234?
3
What is the thousands digit of 1029?
1
What is the tens digit of 1802?
0
What is the tens digit of 43885?
8
What is the hundreds digit of 2021?
0
What is the thousands digit of 1417?
1
What is the tens digit of 2665?
6
What is the tens digit of 81860?
6
What is the thousands digit of 1270?
1
What is the thousands digit of 2719?
2
What is the units digit of 16852?
2
What is the thousands digit of 4666?
4
What is the units digit of 38390?
0
What is the tens digit of 360?
6
What is the units digit of 4606?
6
What is the units digit of 505?
5
What is the tens digit of 6265?
6
What is the hundreds digit of 1895?
8
What is the tens digit of 22839?
3
What is the units digit of 746?
6
What is the tens digit of 4163?
6
What is the hundreds digit of 255?
2
What is the units digit of 29414?
4
What is the hundreds digit of 60750?
7
What is the tens digit of 1706?
0
What is the tens digit of 5170?
7
What is the hundreds digit of 1125?
1
What is the units digit of 171?
1
What is the hundreds digit of 3003?
0
What is the units digit of 172865?
5
What is the tens digit of 7946?
4
What is the thousands digit of 5949?
5
What is the tens digit of 77006?
0
What is the thousands digit of 12944?
2
What is the thousands digit of 2416?
2
What is the thousands digit of 1596?
1
What is the tens digit of 1115?
1
What is the units digit of 1543?
3
What is the thousands digit of 27161?
7
What is the units digit of 53087?
7
What is the tens digit of 240?
4
What is the thousands digit of 4299?
4
What is the tens digit of 877?
7
What is the hundreds digit of 1418?
4
What is the ten thousands digit of 43983?
4
What is the ten thousands digit of 11379?
1
What is the thousands digit of 48340?
8
What is the ten thousands digit of 59084?
5
What is the thousands digit of 15754?
5
What is the hundreds digit of 26002?
0
What is the units digit of 36955?
5
What is the tens digit of 69026?
2
What is the hundreds digit of 33893?
8
What is the units digit of 5745?
5
What is the tens digit of 4311?
1
What is the hundreds digit of 1634?
6
What is the hundreds digit of 62925?
9
What is the tens digit of 912?
1
What is the tens digit of 45299?
9
What is the tens digit of 74881?
8
What is the thousands digit of 35419?
5
What is the units digit of 7554?
4
What is the thousands digit of 105607?
5
What is the tens digit of 141?
4
What is the hundreds digit of 1432?
4
What is the tens digit of 2991?
9
What is the hundreds digit of 51077?
0
What is the thousands digit of 2085?
2
What is the thousands digit of 21766?
1
What is the hundreds digit of 1805?
8
What is the tens digit of 680?
8
What is the units digit of 30945?
5
What is the ten thousands digit of 79050?
7
What is the units digit of 1947?
7
What is the hundreds digit of 1898?
8
What is the units digit of 1120?
0
What is the tens digit of 166?
6
What is the tens digit of 599?
9
What is the hundred thousands digit of 131200?
1
What is the ten thousands digit of 65971?
6
What is the tens digit of 8176?
7
What is the tens digit of 10298?
9
What is the thousands digit of 6023?
6
What is the ten thousands digit of 20128?
2
What is the thousands digit of 4855?
4
What is the thousands digit of 1269?
1
What is the units digit of 960?
0
What is the hundreds digit of 925?
9
What is the tens digit of 644?
4
What is the units digit of 285?
5
What is the thousands digit of 4101?
4
What is the tens digit of 11109?
0
What is the thousands digit of 11112?
1
What is the units digit of 2914?
4
What is the thousands digit of 9701?
9
What is the tens digit of 1832?
3
What is the tens digit of 504?
0
What is the tens digit of 97514?
1
What is the thousands digit of 83367?
3
What is the hundreds digit of 4591?
5
What is the units digit of 50858?
8
What is the units digit of 669?
9
What is the thousands digit of 1386?
1
What is the thousands digit of 14013?
4
What is the thousands digit of 69048?
9
What is the tens digit of 5819?
1
What is the units digit of 449?
9
What is the hundreds digit of 178?
1
What is the tens digit of 3610?
1
What is the hundreds digit of 432?
4
What is the units digit of 514?
4
What is the tens digit of 3626?
2
What is the tens digit of 4068?
6
What is the units digit of 972?
2
What is the hundreds digit of 16033?
0
What is the hundreds digit of 1854?
8
What is the hundreds digit of 19239?
2
What is the hundreds digit of 7075?
0
What is the units digit of 8792?
2
What is the hundreds digit of 649?
6
What is the tens digit of 9102?
0
What is the units digit of 8960?
0
What is the units digit of 462?
2
What is the hundreds digit of 915?
9
What is the hundreds digit of 866?
8
What is the hundreds digit of 1079?
0
What is the units digit of 1740